e
Is 86447 composite?
True
Is 44521 a prime number?
False
Is 29038 prime?
False
Is 7817 composite?
False
Is 6295 a prime number?
False
Is 2767 a prime number?
True
Is 149411 a composite number?
False
Is 81727 a composite number?
False
Is 1925447 prime?
False
Is 15701 prime?
False
Is 43441 composite?
False
Is 405577 composite?
False
Is 67723 composite?
False
Is 15109 a prime number?
False
Is 18553 prime?
True
Is 58657 prime?
True
Is 425779 prime?
True
Is 5539 a prime number?
False
Is 307243 composite?
False
Is 443945 a composite number?
True
Is 816377 composite?
False
Is 3381877 a prime number?
False
Is 68114 composite?
True
Is 89729 a prime number?
False
Is 21991 composite?
False
Is 35759 prime?
True
Is 387613 prime?
True
Is 16897 composite?
True
Is 38813 a composite number?
True
Is 530983 composite?
False
Is 1405 prime?
False
Is 23757 a prime number?
False
Is 705973 a composite number?
False
Is 16057 composite?
False
Is 59887 prime?
True
Is 21239 a composite number?
True
Is 15563 composite?
True
Is 51 prime?
False
Is 914429 prime?
True
Is 571531 prime?
True
Is 7447 composite?
True
Is 83653 prime?
True
Is 12891 composite?
True
Is 69313 prime?
True
Is 589409 a composite number?
False
Is 4211 a composite number?
False
Is 26797 prime?
False
Is 9589 composite?
True
Is 1009 a composite number?
False
Is 18217 a prime number?
True
Is 87569 a composite number?
True
Is 27329 prime?
True
Is 5357 a prime number?
False
Is 4126 a prime number?
False
Is 12239 a prime number?
True
Is 57619 composite?
True
Is 2165 a prime number?
False
Is 596697 prime?
False
Is 147977 composite?
False
Is 1706519 a composite number?
True
Is 11423 composite?
False
Is 115937 prime?
False
Is 1283681 a composite number?
True
Is 94871 a prime number?
False
Is 743 composite?
False
Is 24499 a prime number?
True
Is 302801 a prime number?
True
Is 67205 composite?
True
Is 6499 a composite number?
True
Is 23189 a prime number?
True
Is 12461 composite?
True
Is 82157 a composite number?
True
Is 206879 a prime number?
True
Is 12607 composite?
True
Is 59921 prime?
True
Is 1060217 a prime number?
False
Is 26539 prime?
True
Is 37619 prime?
True
Is 29527 composite?
False
Is 2153 a prime number?
True
Is 32177 prime?
False
Is 10687 a composite number?
False
Is 14173 prime?
True
Is 3603 a prime number?
False
Is 59174 prime?
False
Is 60757 a prime number?
True
Is 4339 composite?
False
Is 118663 a composite number?
True
Is 23267 composite?
True
Is 839 a composite number?
False
Is 9193 a composite number?
True
Is 137905 a composite number?
True
Is 20593 a prime number?
True
Is 315131 a composite number?
True
Is 43207 a prime number?
True
Is 254647 a composite number?
False
Is 94631 a composite number?
True
Is 119141 composite?
True
Is 58321 a composite number?
False
Is 129697 prime?
False
Is 222247 prime?
True
Is 330389 a prime number?
True
Is 381683 a composite number?
True
Is 321995 prime?
False
Is 121469 a composite number?
False
Is 301621 prime?
False
Is 720343 composite?
True
Is 16183 a prime number?
True
Is 109313 a prime number?
True
Is 54643 composite?
True
Is 7763 composite?
True
Is 1152463 prime?
False
Is 47623 a composite number?
False
Is 15434 composite?
True
Is 3599 a prime number?
False
Is 511295 composite?
True
Is 3271 a composite number?
False
Is 194617 prime?
False
Is 24797 prime?
False
Is 16427 a prime number?
True
Is 45187 a prime number?
False
Is 3210073 a composite number?
False
Is 1014887 a composite number?
False
Is 253 composite?
True
Is 588191 composite?
False
Is 4912909 composite?
True
Is 16097 prime?
True
Is 211859 prime?
True
Is 932611 a prime number?
False
Is 20071 prime?
True
Is 438601 prime?
True
Is 187921 a composite number?
False
Is 14199 composite?
True
Is 18587 a composite number?
False
Is 3409 a prime number?
False
Is 361609 composite?
True
Is 2371 prime?
True
Is 36185 a prime number?
False
Is 38917 a prime number?
True
Is 146437 composite?
False
Is 30991 prime?
False
Is 2217 prime?
False
Is 84967 a prime number?
True
Is 11443 composite?
False
Is 360457 a composite number?
False
Is 21817 composite?
False
Is 90205 composite?
True
Is 18553 composite?
False
Is 27673 composite?
False
Is 323287 a prime number?
False
Is 33547 prime?
True
Is 2101 a composite number?
True
Is 77489 composite?
False
Is 18301 a prime number?
True
Is 128087 prime?
False
Is 1253 a prime number?
False
Is 504617 composite?
False
Is 122771 a composite number?
True
Is 3236503 composite?
False
Is 126823 a composite number?
False
Is 26777 a composite number?
False
Is 40181 a composite number?
True
Is 16603 composite?
False
Is 226223 a composite number?
True
Is 38113 prime?
True
Is 1060289 composite?
True
Is 66329 composite?
True
Is 15193 a prime number?
True
Is 3263 a prime number?
False
Is 341533 a prime number?
False
Is 15173 prime?
True
Is 3785779 a prime number?
True
Is 2958101 composite?
False
Is 78779 composite?
False
Is 31457 composite?
True
Is 780526 composite?
True
Is 1055 a prime number?
False
Is 408797 a prime number?
False
Is 143873 prime?
True
Is 13163 prime?
True
Is 24031 prime?
False
Is 55147 a prime number?
True
Is 18947 prime?
True
Is 9599 composite?
True
Is 79063 a prime number?
True
Is 59333 a prime number?
True
Is 12205 a composite number?
True
Is 1531 a composite number?
False
Is 7379 prime?
False
Is 34637 prime?
False
Is 405571 composite?
True
Is 36373 a prime number?
True
Is 35251 prime?
True
Is 570637 a prime number?
True
Is 40723 a composite number?
True
Is 132817 composite?
False
Is 323 a prime number?
False
Is 423931 a composite number?
False
Is 156301 a composite number?
True
Is 30553 a composite number?
False
Is 319871 a prime number?
False
Is 233293 a composite number?
False
Is 11017 a composite number?
True
Is 17291 a composite number?
False
Is 27539 prime?
True
Is 45751 composite?
False
Is 265757 prime?
True
Is 122261 composite?
True
Is 1991647 a prime number?
False
Is 3221 a composite number?
False
Is 28537 prime?
True
Is 109661 a prime number?
True
Is 7438 prime?
False
Is 1229651 prime?
False
Is 406859 composite?
False
Is 30333 a composite number?
True
Is 159521 a prime number?
True
Is 745 a composite number?
True
Is 37243 prime?
True
Is 39607 prime?
True
Is 1969 prime?
False
Is 696485 a prime number?
False
Is 577565 a prime number?
False
Is 1344151 composite?
False
Is 59557 a composite number?
False
Is 40459 prime?
True
Is 20849 prime?
True
Is 473 a composite number?
True
Is 80849 prime?
True
Is 1939909 prime?
True
Is 215701 prime?
False
Is 5509 a composite number?
True
Is 75827 a prime number?
False
Is 19597 a prime number?
True
Is 2588747 composite?
True
Is 71377 prime?
False
Is 287657 a composite number?
True
Is 12437 composite?
False
Is 3265 a prime number?
False
Is 27271 a composite number?
False
Is 36119 a prime number?
False
Is 1741451 composite?
False
Is 899 composite?
True
Is 254753 a composite number?
False
Is 52489 composite?
False
Is 11911 a composite number?
True
Is 853721 composite?
True
Is 12841 prime?
True
Is 73721 composite?
False
Is 309661 prime?
False
Is 36373 a prime number?
True
Is 11347 a prime number?
False
Is 5461771 composite?
True
Is 5399 composite?
False
Is 633 composite?
True
Is 455189 prime?
False
Is 840643 prime?
True
Is 58889 a prime number?
True
Is 19841 composite?
False
Is 256757 a prime number?
True
Is 719995 a composite number?
True
Is 26239 a prime number?
False
Is 49331 composite?
False
Is 3747 a composite number?
True
Is 6187 composite?
True
Is 941641 composite?
False
Is 941231 composite?
True
Is 489091 a prime number?
False
Is 1949 prime?
True
Is 30698 a composite number?
True
Is 267089 a prime number?
False
Is 9327 a prime number?
False
Is 15901 prime?
True
Is 3143 a composite number?
True
Is 61781 composite?
False
Is 44417 a composite number?
False
Is 104513 a composite number?
False
Is 136877 composite?
True
Is 8467 a composite number?
False
Is 28993 a composite number?
True
Is 7477 a prime number?
True
Is 196751 a prime number?
True
Is 2185747 prime?
True
Is 50411 prime?
True
Is 84314 composite?
True
Is 29917 prime?
True
Is 174737 a prime number?
True
Is 545387 a composite number?
False
Is 294707 prime?
False
Is 76207 a composite number?
False
Is 188009 composite?
True
Is 13859 prime?
True
Is 110419 a prime number?
Tru